-155 - -2) + 3. Is (12/8)/((-6)/(-8)) - f composite?
False
Suppose -3446 = -8*t + 3362. Is t a composite number?
True
Let r(t) = 6*t**2 - 2*t + 1. Let u(i) = i + 13. Let n be u(-8). Let z = -10 + n. Is r(z) prime?
False
Is (144046/(-70))/(1/(-5)) prime?
True
Let t = 462 - -171. Suppose t = -2*h + 3*h. Suppose 3*y + 0*d - h = -5*d, 2*y - 3*d - 422 = 0. Is y prime?
True
Let i(o) = -o**2 - 5*o + 7. Let t be i(-5). Let f = t - 3. Is (590/f)/(1/2) composite?
True
Suppose -1072*m = -1090*m + 295398. Is m a composite number?
False
Suppose 0 = 2*q - h + 9, 2*q + h = -3*q - 40. Let j(f) = 5 + 4 - 8*f + 6. Is j(q) a composite number?
False
Let y(i) = -3*i**2 + 2*i - 2. Let m be y(1). Is (97/2)/(m/(-6)) prime?
True
Let o(y) be the second derivative of 7*y**4/6 - y**3/6 - 5*y**2 - 24*y. Is o(-7) a prime number?
True
Suppose 0*m = -6*m + 138. Let f = m + 70. Is f composite?
True
Suppose a = -3*i - 5 + 1, 4*i - 8 = -4*a. Suppose -2*j - g + 5*g + 40 = 0, -4*j + 3*g + 60 = 0. Let l = j - a. Is l prime?
True
Let z = -139 + 143. Suppose -4*t + z*w + 372 = 0, -3*t + 0*t = -w - 271. Is t prime?
True
Suppose -13*d - 1247 = -5875. Suppose -2*c - v = -2*v + 5, c = -4*v + 20. Suppose 4*l + c*l - d = 0. Is l prime?
True
Let f be (-14)/((-603)/(-609) + -1). Suppose f = 22*q - 15*q. Is q a composite number?
True
Suppose 8*h - 8 = -8. Suppose 5*l - a - 2820 = h, 0 = 3*a + 14 + 1. Is l prime?
True
Let j(q) be the first derivative of q**4/4 + 3*q**3 + 4*q - 1. Let m be j(-9). Suppose 0 = 5*t - m*b - 705, 3*t - 575 = -t + b. Is t a composite number?
True
Suppose -8 = 11*w - 15*w. Suppose b - w = 5*h, -3*b + 0*b = 5*h - 6. Suppose -373 = -b*a + 241. Is a a prime number?
True
Let i be (-249)/(-18) - 3/(-18). Is (4/6)/(i/21819) composite?
False
Suppose 12*l = 18*l - 27546. Is l prime?
True
Let v = 13596 + -8743. Is v a composite number?
True
Let l(y) = y**3 + 5*y**2 - 12*y + 16. Let w be l(-7). Suppose 2*j + 2115 = -w*g + 11849, -g + 2*j + 4879 = 0. Is g composite?
False
Suppose 0 = -b - 2*b - 54. Let y = -16 - b. Suppose -652 = -2*f - y*f. Is f prime?
True
Suppose j + j - 4 = 0. Suppose -f - 4 = 0, -j*f - 74 = 2*w - 196. Is (-1 + 3 + w)/1 a composite number?
False
Let o(d) = 36*d + 44*d + 3 - 4 + 34*d. Is o(1) a prime number?
True
Suppose -4*g + 92 - 32 = 0. Suppose 5*w - g = 0, 9*w = -5*s + 4*w + 12690. Suppose -s = -5*i - 5*n, -6*n + 491 = i - n. Is i prime?
False
Suppose -3219 = -4*l + 801. Let k = l + 130. Is k composite?
True
Let q be (3/(-6))/(6/(-24)). Suppose -1050 = -2*k - q*k - 2*o, 520 = 2*k + 2*o. Suppose 0 = -4*z - z + k. Is z composite?
False
Suppose 3*q - 674 - 61 = 0. Suppose 0 = 14*v - 17*v + x + 13, 4*x = -2*v + 4. Suppose 959 + q = v*w. Is w prime?
False
Let o be (-9 - -8) + (1 - 1). Let g be (o/(-2))/((-3)/(-54)). Let m(r) = r**3 + 2*r**2 - 9*r + 11. Is m(g) a prime number?
True
Suppose r + 5*u - 15141 = -r, 5*r = 3*u + 37806. Is r a prime number?
False
Is 2 + (-2 - 2773)/(-1) composite?
False
Let b(k) = 27*k - 1. Let v(z) = -z**2 + 5*z + 4. Let s be v(6). Let n(p) = -p**3 - p**2 + p - 1. Let g be n(s). Is b(g) a prime number?
False
Let k = -13329 + 20792. Is k composite?
True
Let j = -11 + 23. Let r(q) = -2*q - 9. Let m be r(j). Let z = 287 + m. Is z prime?
False
Let j(a) = 602*a - 9. Let l(r) = 1. Let o(s) = -j(s) + 2*l(s). Let p(w) = 201*w - 4. Let k(h) = 3*o(h) + 8*p(h). Is k(-2) a prime number?
True
Let g(z) = z**2 - 11*z + 30. Let q be g(6). Suppose -u + 6*u - 5275 = q. Is u composite?
True
Let z = -41 - -41. Suppose z = 7*n + 2*n - 3951. Is n composite?
False
Is ((-1)/5)/((-136)/33322040) a composite number?
False
Suppose 23004 + 48026 = 10*q. Is q a composite number?
False
Let t(d) = 3*d**3 - 8*d**2 - 8*d - 12. Let i(s) = 5*s**3 - 17*s**2 - 15*s - 25. Let x(o) = 2*i(o) - 5*t(o). Is x(-7) composite?
False
Let t = -1285 - -9696. Is t a prime number?
False
Let g(n) be the second derivative of n**5/20 - 7*n**4/12 - 3*n**3/2 + 4*n**2 - n. Let x(k) = -k**3 + 4*k**2 + k + 5. Let y be x(4). Is g(y) prime?
True
Let b be (-14)/(-6) + 3/(-9). Let l = -476 + 467. Is ((-573)/l)/(b/6) prime?
True
Let j = 760 - 372. Let q(c) = -c**3 - 4*c**2 - 2*c - 4. Let u be q(-4). Suppose -u*y + 0*y = -j. Is y composite?
False
Let r = 9573 - 5188. Suppose 7582 = 3*a - r. Is a prime?
True
Suppose -12 = -y + 5*y. Let f(x) = -2*x**3 + 3*x**2 - 2*x + 4. Is f(y) prime?
False
Let g(v) = v**3 + 5*v**2 + 4*v + 2. Let x be g(-4). Suppose -3*k - 323 = -x*r, 2*k + 2*k = -12. Is r composite?
False
Let n be (-13648)/18 - 14/(-63). Is 2*2/(-8)*n a composite number?
False
Suppose 4*p = -64 + 8. Let x = 24 + p. Suppose w = 3*w + x, 0 = 5*z + 4*w - 425. Is z a composite number?
False
Suppose -f = l - 2346, 725 - 5447 = -2*l + 4*f. Suppose -528 = x - l. Is x a prime number?
True
Let d(z) = 120*z - 7. Let h(i) = i + 1. Let c(v) = -d(v) + 6*h(v). Is c(-12) prime?
True
Suppose l + 4 - 14 = 0. Suppose -l*q = -9*q - 955. Is q composite?
True
Suppose -3*q = q + 5*x - 59, 3*q - 2*x = 50. Suppose 14*t + 6 = q*t. Suppose -1055 = -5*u + t*p, 3*p = -5*u + 281 + 774. Is u composite?
False
Suppose 5*g - 331 = 23*h - 26*h, -4*g - 2*h + 264 = 0. Is g a prime number?
False
Suppose 82 = 3*b + 22. Suppose 50 = 4*c - 2. Suppose -c - b = -i. Is i a prime number?
False
Let x(u) = u**2 - 8*u + 2*u + 4*u + u + 2. Let a be x(0). Suppose 0 = -4*o + 4*w + 3556, a*w - 3*w = 0. Is o a composite number?
True
Let n be 17/102 - 391/6. Let p = -30 - n. Is p a composite number?
True
Let i = -23 + 27. Is -2 + 448/i - -1 a composite number?
True
Let p(k) be the first derivative of k**2/2 - 16*k - 10. Let a be p(18). Suppose 3*l + 3*v - 1998 = 0, a*l - l - 686 = 3*v. Is l composite?
True
Let c(s) = s - 1. Let v be c(1). Suppose v = y - 211 - 1553. Is (-3)/(-6) + y/8 prime?
False
Suppose -t + 12 = 4*m, m + 1 = -2*t - 3. Suppose 5*r - 2*r - 1757 = -m*b, r = -b + 438. Is b prime?
True
Let u(n) = -n**2 + 12*n. Let q be u(8). Suppose -f = 10 - q. Is f prime?
False
Let k(p) = 396*p + 1. Let b(n) = n + 1. Let j(u) = 6*b(u) + 3*k(u). Is j(1) prime?
False
Let z(p) be the first derivative of 4*p**3/3 - 5*p + 1. Suppose -3*b + 69 - 84 = 0. Is z(b) composite?
True
Let u = 6 + -9. Let m(s) be the first derivative of 4*s**3/3 + 3*s**2/2 + 4*s + 122. Is m(u) composite?
False
Let v(x) = -5*x**2 + 16*x + 1. Let d be v(20). Let j = -778 - d. Is j prime?
False
Let k be (-1925)/20 + 2/8. Let f = 235 + -296. Let g = f - k. Is g a prime number?
False
Suppose -2827 = -4*t + 5*v, 2*t - 5*v + 531 = 1952. Is t composite?
True
Suppose -5*z + 2 + 3 = 0. Let v(l) = 118*l**3 - 35*l**3 - 1 + 75*l**3 + 0. Is v(z) composite?
False
Let u = -2261 + 2474. Is u prime?
False
Suppose i - 2*i = -0*i. Suppose -y + 747 = 2*d + 3*d, -2*y + 2*d + 1470 = i. Is y a composite number?
True
Let u be (-1306)/(-12) + (-2)/(-12). Suppose 4*g - k = 481, 0*g + 2*k = -g + u. Suppose -x + g = 2*r, 0 = -3*x - 3*r + 282 + 63. Is x prime?
False
Suppose -181647 = -21*l - 34752. Is l prime?
False
Let r(u) = -u**3 + 5*u**2 + 14*u + 2. Let t(s) = -s**2 - 17*s - 9. Let c be t(-16). Let v be r(c). Suppose v*o - 2*p + 7*p - 341 = 0, 486 = 3*o - p. Is o prime?
True
Suppose -4*p = -5*m + 7*m - 12606, 20 = -4*p. Is m composite?
True
Let w(y) be the third derivative of -y**6/120 - 7*y**5/30 - 7*y**4/24 - 7*y**3/6 + 13*y**2. Is w(-17) composite?
True
Let o(k) = -k**3 - k**2 + k - 1. Let a(m) = 513*m**3 - 3*m**2 + 4*m - 5. Let s(r) = a(r) - 4*o(r). Is s(1) composite?
True
Let s = 3002 + -1687. Suppose t - 6*t + s = 0. Is t a composite number?
False
Let v be (22638/4)/7 + 1/(-2). Let i = 1685 - v. Is i prime?
True
Let i(p) be the first derivative of -p**4/4 + 4*p**3 - 5*p**2 - 12*p - 7. Let q be i(11). Is (1 + -2)/(q/149) prime?
True
Is 6 + 5258 + (-6 + 12)/(-2) a composite number?
False
Let q(w) = 352*w**3 - w**2 + 6*w - 5. Suppose 8*n + 5*n = 26. Is q(n) a composite number?
False
Let b be (9 + -14)*-463*(-4)/10. Let s = 1509 + b. Is s a composite number?
True
Let x = -32 - -14. Let k be (-29)/(-9) + 4/x. Suppose -k*y = 2*r - 141 - 732, 0 = 2*y - r - 589. Is y composite?
False
Let t(k) = 3*k**3 + k**2 + k - 11. Let p(c) = -8*c. Suppose 0 = 3*n - 6*n - 3. Let b be p(n). Is t(b) a composite number?
False
Suppose -4*r + 69 - 17 = 0. Let j(b) = 9*b + 10. Let c be j(r). Suppose -x + c = -a, -2*x + a